sor of q and 108.
27
Let b(a) = 2*a**2 - 19*a + 89. Let x be b(9). What is the greatest common divisor of 260 and x?
20
Suppose 4*z = -5*f - 69, 3*f - 2*z + 23 = -14. Let s = f + 13. Let o be (-7)/2*-2 - s. Calculate the greatest common factor of 1 and o.
1
Suppose -18*v = -6*v - 396. Calculate the highest common divisor of v and 660.
33
Suppose -4*v + 212 = -300. Suppose 10 = -s + 31. Let z = 37 - s. What is the highest common divisor of v and z?
16
Let z = -16 + 19. Suppose -5*r = -3*b + 17, -3*b + 4*b - 5*r = -1. What is the highest common factor of z and b?
3
Suppose 102*s - 99*s = 57. Calculate the highest common factor of s and 608.
19
Let p be -2 - 2 - 6/((-30)/205). What is the highest common factor of p and 4?
1
Let z = 30 - 6. Suppose -x = -169 - 27. Let n = x + -136. What is the greatest common factor of n and z?
12
Suppose 3*f + 6*f + 81 = 0. Let m = f - -28. Calculate the highest common factor of m and 209.
19
Let z be (-1)/(-4) - (-94085)/124. What is the highest common divisor of z and 207?
69
Suppose 4*r = -5*x + 284, 12*r - 272 = 8*r - 2*x. Suppose -4*k = -8*k + 132. What is the highest common divisor of r and k?
33
Let b be (0 - 1)/(7/(-280)). Calculate the highest common factor of 120 and b.
40
Let y(c) = c**2 + 7*c + 14. Let b be y(-5). Suppose -b*k + 5*i + 673 = -202, -3*i + 1103 = 5*k. Calculate the highest common divisor of 20 and k.
20
Let d(b) = -8*b**3 + b + 1. Let o be d(-1). Let l(j) = -j**3 + 8*j**2 + 7. Let g be l(o). Let p = g + 1. Calculate the highest common factor of 24 and p.
8
Let m = -25 + 27. Let w be (10 + -67)*m/(-3). Calculate the greatest common divisor of 19 and w.
19
Suppose -5*r + 3*o = 166 - 961, -604 = -4*r - 4*o. Calculate the greatest common factor of 104 and r.
52
Let f be 11 - (-3)/(-12)*0. Let p(d) = -d**2 + 0 + 3 + f*d**3 - 56*d**3 - 2. Let z be p(-1). What is the greatest common divisor of z and 5?
5
Let i(n) = -6*n**2 + 111*n + 22. Let a be i(18). Calculate the highest common factor of a and 8.
4
Suppose 4*c - 3*y - 87 = 73, 0 = 3*c - 3*y - 117. What is the highest common divisor of c and 817?
43
Let x(w) = w + 10. Let s be x(-11). Let r be (252/72)/(2*s/(-4)). Calculate the highest common divisor of 14 and r.
7
Let l = 79 - -82. Calculate the greatest common divisor of 23 and l.
23
Suppose -5*f + 60 = 5*f. Let n be 2 + 3*-1 + 6. Suppose n*h + 7 + f = m, 5*m - 4*h = 65. Calculate the highest common factor of 117 and m.
13
Let u = -1 - 9. Let n be u/(-75)*-12*-20. Suppose -4*j + 768 = -j. Calculate the greatest common factor of j and n.
32
Let s(y) = -y**2 - 5*y. Let i be s(-4). Suppose i*n = 80 - 28. Suppose -20*g = -25*g + 195. Calculate the highest common divisor of g and n.
13
Let l(v) = 19*v**3 + 3*v**2 - 1. Let f be l(1). Calculate the greatest common factor of f and 91.
7
Let r(g) = 550*g + 9. Let y be r(1). Calculate the highest common factor of y and 13.
13
Suppose 0 = -2*m - 3*m - 5, -g - 2*m + 27 = 0. Suppose z - g = -5*w, -4 = -0*z + 4*z. Calculate the highest common factor of 30 and w.
6
Suppose r - 4*z - 29 = 0, 2*r = -2*r - 2*z + 26. Let x(y) = -y - 3. Let g be x(-7). Suppose o + g - 85 = 0. Calculate the greatest common divisor of o and r.
9
Suppose -4*r + 4*c + 16 = 96, 3*r - c = -50. Let v = -13 - r. Suppose 4*g + v = 5*g. Calculate the highest common divisor of g and 4.
2
Suppose 3 = 2*c - 1. Suppose 3*s = -c*w - 1, -10 = 5*w - 30. Let i = s + 17. Calculate the greatest common divisor of 42 and i.
14
Suppose -19*j + 18*j + 2035 = 0. Calculate the greatest common factor of j and 11.
11
Let s = 26 - 26. Let o = s - -18. What is the greatest common factor of 162 and o?
18
Suppose -k - 4*k - 15 = 0. Let q be (k + -45)/((-10)/15). Let f = 69 + -45. Calculate the greatest common divisor of f and q.
24
Suppose -176 = -12*l + 712. What is the highest common divisor of 74 and l?
74
Let p(h) = -25*h - 4. Let m(j) = 13*j + 2. Let a(w) = 9*m(w) + 4*p(w). Let z be a(2). Suppose -2*y - 5*y = -630. Calculate the highest common factor of z and y.
18
Let g(w) = w**2 + 9*w - 2. Let p be g(-9). Let n be 5 - (0/p - 0). What is the highest common divisor of n and 75?
5
Let b(x) = x**2 + 1. Let r be b(-4). Let y be (-9 + -2)*4/(-4). Let l = 45 - y. What is the highest common factor of r and l?
17
Let v(u) = 41*u - 959. Let s be v(31). Calculate the greatest common divisor of s and 72.
24
Suppose 5*m + 2*c - 146 = m, 2*m + 5*c - 93 = 0. What is the highest common factor of m and 51?
17
Let q(h) = 3*h**2 - 4*h + 378. Let a be q(0). Calculate the highest common factor of a and 84.
42
Let h = -57 - -83. Let p be h*2/(-8)*(-6)/3. Calculate the greatest common factor of 91 and p.
13
Let a(p) = p**2 + 13*p + 24. Let o be a(-17). Let r be o - ((3/(-3) - 0) + 2). Calculate the highest common divisor of 26 and r.
13
Suppose 1321 = 14*z - 149. What is the greatest common factor of 140 and z?
35
Suppose 0 = -4*t + 28 - 12. Suppose -54 = t*o - 150. What is the greatest common factor of 8 and o?
8
Suppose -10*u + 3577 + 3093 = 0. What is the highest common divisor of 174 and u?
29
Suppose 7*f + 5 = 6*f. Let y be (-16)/(-4)*(2 - f). Calculate the highest common divisor of y and 70.
14
Suppose 18 = 3*w - 4*w. Let y be ((-25)/(-10))/((-3)/w). What is the highest common factor of y and 15?
15
Let q = -1 - -6. Suppose j = 2*s - 55, q*s + 5*j - j = 157. Suppose -30*f + 20 = -s*f. Calculate the highest common divisor of f and 30.
10
Suppose -16 = -5*j + 334. What is the highest common factor of j and 42?
14
Let h = -17 + 18. Let j be 1666/(-21) - h/(-3). Let y = j - -124. Calculate the greatest common divisor of 15 and y.
15
Suppose 0*f + 126 = 2*f. Let j(l) = 9*l**3 + 10*l**2 - 3*l - 7. Let b be j(1). What is the highest common divisor of b and f?
9
Suppose 5*b - 187 - 233 = 0. Suppose -86 = -p - 3*c + b, -3*p = 3*c - 522. Let r be 2*(-2)/6*-33. What is the greatest common factor of p and r?
22
Let o be (0 - 1)/((-3)/24). Suppose 10*n - o*n = 90. What is the highest common factor of 15 and n?
15
Suppose -201 + 45 = -12*z. Calculate the greatest common factor of z and 221.
13
Suppose -3*n = n - 12. Let j be 68/6 + (-1)/n. Suppose 0 = -j*k + 6*k + 30. What is the greatest common divisor of 66 and k?
6
Let c(w) = -9*w**3 - 3*w**2 - 3*w. Let u be c(-2). Let g = u - 54. Calculate the highest common factor of g and 48.
12
Suppose j - 3378 = -2*d + 519, 3*j = -5*d + 9744. What is the greatest common divisor of d and 59?
59
Let t be (9/6)/((-3)/(-8)). Let v be ((-6)/t)/((-18)/120). Calculate the greatest common factor of v and 4.
2
Let c = -7443 + 7469. Let g be 1 + (-233)/(1/(-1)). What is the highest common factor of c and g?
26
Let i = 44 - 39. Let k = 154 - 150. Calculate the highest common divisor of i and k.
1
Let o be (12/10)/(1765/250 + -7). Calculate the greatest common factor of 380 and o.
20
Suppose -2*s = -30 - 178. What is the highest common divisor of 78 and s?
26
Suppose 6*w - 12 = 3*w. Let g be (-1530)/(-66) + (-2)/11. Suppose -g = -w*n - 3. Calculate the greatest common divisor of 20 and n.
5
Let w be (-2 + 5)*12/(-9)*-90. What is the highest common divisor of w and 24?
24
Suppose -3*n + 221 = -21*x + 22*x, -4*n = 5*x - 313. What is the highest common divisor of 72 and n?
72
Suppose 5*c + 2*u - 408 = 0, -51*c + 48*c + 2*u + 232 = 0. Calculate the highest common factor of 45 and c.
5
Suppose r + 3*r - 80 = 0. Let v be (0 + 0)*5/(-10). Suppose v*j + 16 = 2*j. What is the greatest common factor of j and r?
4
Suppose 0*y - 4*y = -48. Suppose -27 = -q - 2*q + 5*g, -2*g = 3*q - 6. Suppose -q = u - 2*u. What is the highest common factor of y and u?
4
Let q(k) = k**3 + 7*k**2 + 2*k - 20. Let m be q(-6). Suppose -18*p = -14*p - m. Let o be p - (-3 - 10 - -1). What is the highest common divisor of o and 91?
13
Suppose -4*l - a + 17 = 5, l - 3*a - 3 = 0. Suppose -k + l + 0 = 0, -k - 213 = -3*v. What is the highest common factor of v and 9?
9
Let a be 4/(-2) + 1 + 33. Let o be (-12 + 2 - -2)/(12/(-18)). Calculate the greatest common factor of o and a.
4
Let n = -269 - -362. Calculate the highest common factor of 589 and n.
31
Suppose 0 = -0*k + 2*k - 2. Let z be k - -1*(20 + -1). Let r be (40/3)/(z/30). What is the highest common divisor of 140 and r?
20
Suppose 13*n = 2*n + 220. What is the highest common divi